 -249. Let x = -57 - d. What is the remainder when x is divided by 13?
12
Let a = 176 + -110. Calculate the remainder when a is divided by 17.
15
Let q(c) = -c**2 - 9*c. Let a be q(-9). Let d(k) = -k**2 + 44. What is the remainder when d(a) is divided by (30/(-8))/((-1)/4)?
14
Suppose -o = -2, 3*s - 53 = -4*o - 21. Let p = 17 - 31. Let g = 0 - p. Calculate the remainder when g is divided by s.
6
Suppose -4 = 2*g + n - 47, 2*n - 2 = 0. Suppose -7*f + 2*f + 60 = 0. Calculate the remainder when g is divided by f.
9
Let f = 223 + -101. Let o = -62 + f. What is the remainder when o is divided by 21?
18
Suppose -3*o - 9 + 60 = 3*r, -r = 5. What is the remainder when o is divided by 16/(-6)*(-9)/3?
6
Suppose 5*k + 3*q = -0*q + 82, 2*q = -4*k + 64. What is the remainder when k is divided by 7?
0
Suppose -4*j + 129 = -95. What is the remainder when j is divided by 29?
27
Let o = -33 + 62. Let s = 14 + -4. Calculate the remainder when o is divided by s.
9
Let l(a) = 5*a**2 - 5*a + 3. Let h be l(4). Let o = h + -28. Calculate the remainder when o is divided by ((-1)/(-2))/(3/72).
11
Let h(j) = 2*j - 2. Let k be h(0). Calculate the remainder when (3 + (-9)/2)*k is divided by 2.
1
Suppose -6*v + 9*v = 66. What is the remainder when v is divided by 12?
10
Let l(a) = 4*a + 2. Let v be 3/(-2)*(-8)/3. Calculate the remainder when l(v) is divided by 10.
8
Let b(j) = 4*j**2 - 9*j + 4. Calculate the remainder when b(4) is divided by 12.
8
Suppose 0 = -2*c - p + 127, -2*c - 4*p + 64 + 54 = 0. Calculate the remainder when c is divided by 22.
21
Let r = -4 + 0. Let n be 7/2 + 6/r. Suppose 15 = -j + n*j. Calculate the remainder when 29 is divided by j.
14
Let q be ((-6)/(-2))/3 + 3. Suppose -107 - 5 = -q*l. Suppose 8 - l = -4*c. What is the remainder when 8 is divided by c?
3
Let n be ((-10)/(-15))/((-4)/(-6)). Suppose -n = -3*i + 80. Calculate the remainder when i is divided by 7.
6
Let j be 5/30 + (-17)/(-6). Suppose -j = 2*k - 3*k. What is the remainder when 9 is divided by k?
0
Suppose 4*p = 0, 0*c + 2*p - 312 = -4*c. What is the remainder when c is divided by 20?
18
Suppose -6*v = -2*v. Suppose -3*k + 4*b - 8 - 6 = v, 0 = -5*k - 2*b + 20. Suppose -h = k - 8. Calculate the remainder when 16 is divided by h.
4
Let h = -107 - -156. Calculate the remainder when h is divided by 10.
9
Let m be 2 + 0 + (3 - 1). Suppose 21*j - 22*j = -56. What is the remainder when j is divided by (-38)/m*(3 - 5)?
18
Suppose -5*c = -16547 - 6953. Suppose -3*h + 4700 = -2*f - 3*f, -5*f - c = -4*h. What is the remainder when f/(-18) + (-18)/81 is divided by 18?
16
Suppose -2*s + 4*s + 2*v = 242, 263 = 2*s - 5*v. Let l = s + -75. Calculate the remainder when l is divided by 17.
15
What is the remainder when 8/(-1 + 15/10) is divided by (-32)/(-5) - 4/10?
4
Suppose 0 = -3*h + 4 + 68. What is the remainder when h is divided by (-56)/10*(-20)/8?
10
Let p(n) = -3*n**3 - 3*n**2 - n + 2. Let i be p(-2). Suppose r + 4 = 3*g - 4, i = r + 3*g. Calculate the remainder when 7 is divided by r.
3
Suppose -r - 17 = 5*b, 4*r - 3*b + 0*b - 47 = 0. Let d(k) = k**2 + 15*k + 77. What is the remainder when d(-6) is divided by r?
7
Suppose u + 5*n - 29 = 0, 3*n + 86 - 25 = 5*u. What is the remainder when 52 is divided by u?
10
Let d(z) = -48*z + 15. Let b(s) = -3*s + 1. Let h(a) = -33*b(a) + 2*d(a). Calculate the remainder when 25 is divided by h(4).
7
Suppose -4*k + 9*k = 250. Suppose -3*w - 12 = 0, -3*b + 4*w = w - 51. Calculate the remainder when 2/8*2*k is divided by b.
12
Suppose 3*a - 2*y = 7, 2*a + a + 4*y = 13. Calculate the remainder when ((-28)/a)/(2/(-6)) is divided by 10.
8
Let b(r) = 27*r. Let s be b(1). Calculate the remainder when 63 is divided by 17 + 2 + s/9.
19
Let z = 22 - -13. Calculate the remainder when z is divided by 19.
16
Let g(u) = -14*u - 3. Let n be g(-2). Suppose 0 = -r - 0*r + n. What is the remainder when (-1 - -52) + -1 + -1 is divided by r?
24
Suppose -p + 10 = -r, -10 = -p - 3*r + 2*r. Suppose p*k = 9*k + 31. Calculate the remainder when k is divided by 16.
15
Let u(k) = 2*k**2 - 13*k + 12. What is the remainder when u(6) is divided by 2?
0
Suppose -s - 2*s + 123 = 0. Let c = s + -17. Calculate the remainder when 47 is divided by c.
23
Let z(u) = 2*u**2 - 18*u + 24. Suppose 5*l = -4*t + 111, -4*l = -3 + 7. What is the remainder when t is divided by z(8)?
5
Calculate the remainder when (-12)/9*(-747)/12 is divided by 17.
15
Let y = 36 - -24. Calculate the remainder when y is divided by 9.
6
Let y(n) = -6*n - 24. Let q be y(-18). Suppose -2*t - 4*h + 24 = 0, -4*t - 3*h = -4*h - q. Calculate the remainder when t is divided by 11.
9
Let v = 3 - 1. Let c = v + 1. What is the remainder when 11 is divided by c?
2
Let l = 1 - 1. Suppose -3*f - d - d = 0, 3*d = l. Suppose -5*h + f*h + 10 = 0. What is the remainder when 3 is divided by h?
1
Suppose 4 = -4*q + z, -q = -2*q - 3*z + 12. Suppose -3*k - 4 = -19. Suppose q = -k*p + 15 + 5, -2*x - 3*p = -32. Calculate the remainder when x is divided by 4.
2
Let h = -11 - -5. Let c(i) be the first derivative of 2*i**3/3 + 9*i**2/2 + 8*i - 5. What is the remainder when c(h) is divided by 14?
12
Suppose -4*w + 8 = -0. Calculate the remainder when 3 is divided by w.
1
Suppose -3*q = -q + 4. What is the remainder when 16 is divided by (3 + q)/((-3)/(-27))?
7
Let z(v) = -4*v - 46. Calculate the remainder when 59 is divided by z(-17).
15
Let v(l) = 2*l**2 - 2*l. Let p be v(2). Suppose -3*g + 30 = 3*c, 0*g + g - p*c = -15. Calculate the remainder when 8 is divided by g.
3
Let f = -72 + 49. Let l = -20 - f. Calculate the remainder when 11 is divided by l.
2
Let b(u) = -3*u**2 - 14*u + 3. Calculate the remainder when b(-4) is divided by 5.
1
Let f = -2 + 0. What is the remainder when 16 + (3 - (0 - f)) is divided by 9?
8
Let o be ((-15)/6 - -3)*0. Suppose -6 = -2*n, -16 = -p - n - o*n. What is the remainder when 38 is divided by p?
12
Suppose -4*i = -71 - 21. Let u(x) = -65*x + 3. What is the remainder when u(-1) is divided by i?
22
Suppose 0 = -5*p + 10, t - 5*p + 36 = -13. Let u = 2 - t. Let r = u - 8. What is the remainder when r is divided by 17?
16
Let v = -11 - -25. Calculate the remainder when v is divided by 4.
2
Let y be 0*(2 + (-2 - -1)). Suppose 2*i - 9 - 1 = y. Calculate the remainder when 19 is divided by i.
4
Suppose -v = v. Suppose 0*i + 4*i - 36 = 0. What is the remainder when (4*-13)/(v - 2) is divided by i?
8
Let m = -25 - -47. Let s = 3 + 62. What is the remainder when s is divided by m?
21
Suppose -c = -3*d - 11, 0*c + 3*d + 79 = 5*c. What is the remainder when 47 is divided by c?
13
Let p = -3 - -7. Suppose 3*o = p*q + 52, o + 4*q - 48 = -o. What is the remainder when o is divided by 11?
9
Suppose 5*y + 110 = q, -4*q - 9 = y + 13. Let p = -9 - y. What is the remainder when p is divided by 4?
1
Let s = 17 + 1. What is the remainder when s is divided by 5?
3
Let o(n) = n**2 + 17*n + 28. Let x(q) = q**3 + 8*q**2 - 6*q - 3. What is the remainder when x(-8) is divided by o(-16)?
9
Let p = 5 - 1. Suppose 95 = 3*c + p*m, -2*m - 3*m = -c. Calculate the remainder when c is divided by 7.
4
Suppose 3*i = 6, -3*a + 4*i + 0*i + 367 = 0. What is the remainder when a is divided by 21?
20
What is the remainder when 5/((-20)/(-24)) + -1 is divided by 2?
1
Suppose -4*q + 10 = -2*i, 4 = -2*q + 4*i - 0. Suppose -4*b - 5*o = -16, 0 = -3*b + 5*b - 2*o + 10. Let c = b + q. What is the remainder when 9 is divided by c?
0
Let k be (6/(-9))/(2/(-6)). Suppose -y - 11 = -k*y. Suppose r - 4*r = -12. Calculate the remainder when y is divided by r.
3
Let w(u) = u**3 + 8*u**2 + 8*u - 5. Suppose -4*m = -5*m + 36. Calculate the remainder when m is divided by w(-6).
17
Let u = 87 + -8. Let r = 24 - 4. What is the remainder when u is divided by r?
19
Let o = 42 + -24. Calculate the remainder when 106 is divided by o.
16
Let a be 40/3 + (-4)/(-6). Suppose 0 = u - 4*u - 3*r + 6, -a = -u + 5*r. Suppose u = 3*d - 5. Calculate the remainder when 7 is divided by d.
1
Let t be (-53)/(-2) - (-3)/6. Let m be (2 - -1)/(1/6). Let i = t - m. Calculate the remainder when i is divided by 5.
4
What is the remainder when 77 is divided by 123/6 + -1*4/8?
17
Let b = -1 + 4. Suppose 48 + 0 = b*c. What is the remainder when c is divided by 6?
4
Let z(d) = -d. Let s be z(-3). Suppos